{"id":84,"date":"2021-12-13T18:36:42","date_gmt":"2021-12-13T17:36:42","guid":{"rendered":"http:\/\/mining\/?page_id=84"},"modified":"2021-12-16T08:03:27","modified_gmt":"2021-12-16T07:03:27","slug":"ueber-uns","status":"publish","type":"page","link":"https:\/\/www.physiotherapie-am-deich.de\/?page_id=84","title":{"rendered":"\u00dcber uns"},"content":{"rendered":"\n    \n    <section class=\"u-clearfix u-gradient u-section-2\" id=\"sec-48cc\">\n      <div class=\"u-clearfix u-sheet u-sheet-1\">\n        <h2 class=\"u-text u-text-default u-text-1\">Das sind wir<\/h2>\n        <p class=\"u-text u-text-2\"> Nach unserer Ausbildung zog es uns in den sch\u00f6nen Ortsteil\nBingum um uns hier den Traum von der eigenen Praxis zu verwirklichen.&nbsp;<br>\n          <br>Seit \u00fcber 10 Jahren sind wir nun an diesem Standort t\u00e4tig\nund haben hier nicht nur einen Ort zum Arbeiten, sondern auch einen Ort zum\nLeben und Wohlf\u00fchlen gefunden.&nbsp;<br>\n          <br>St\u00e4tig arbeiten wir daran, durch Fort- und Weiterbildungen\nunsere Leistungen zu erweitern und verbessern. \n        <\/p>\n      <\/div>\n    <\/section>\n    <section class=\"u-clearfix u-white u-section-3\" id=\"sec-5ee7\">\n      <div class=\"u-clearfix u-sheet u-sheet-1\">\n        <img decoding=\"async\" class=\"u-image u-image-default u-image-1\" src=\"https:\/\/www.physiotherapie-am-deich.de\/wp-content\/uploads\/2021\/12\/3130.jpg\" alt=\"\" data-image-width=\"400\" data-image-height=\"501\">\n        <p class=\"u-align-center-sm u-align-center-xs u-text u-text-1\">\n          <span style=\"font-weight: 700;\"> Patrick Schultze<\/span> ist Gesch\u00e4ftsf\u00fchrer der Physiotherapie am\nDeich GmbH.&nbsp;<br>Aufgewachsen ist er in Norden und durch seine Ausbildung zum\nPhysiotherapeuten auf den sch\u00f6nen Ortsteil Bingum aufmerksam geworden.&nbsp;<br>Er hat\nim Jahr 2010 sein Examen erfolgreich abgelegt und sich seitdem stetig\nfortgebildet.&nbsp;<br>Angefangen\nmit der manuellen Lymphdrainage bis hin zur Propriozeptive neuromuskul\u00e4re\nFaszilitation (PNF), aber auch kleinere Fortbildungen hat er regelm\u00e4\u00dfig\ndurchgef\u00fchrt um st\u00e4tig aktuelle Behandlungsmethoden anwenden zu k\u00f6nnen.&nbsp; Aktuell ist eine Fortbildung f\u00fcr\nchiropraktische Behandlungsmethoden in Planung.\n        <\/p>\n        <img decoding=\"async\" class=\"u-border-2 u-border-custom-color-4 u-image u-image-default u-image-2\" src=\"http:\/\/www.physiotherapie-am-deich.de\/wp-content\/uploads\/2021\/12\/Unbenanntes_Projekt5-scaled.jpg\" alt=\"\" data-image-width=\"1603\" data-image-height=\"2560\">\n        <p class=\"u-align-center-sm u-align-center-xs u-text u-text-2\">\n          <span style=\"font-weight: 700;\">Daniela Schultze<\/span> ist f\u00fcr s\u00e4mtliche anfallende T\u00e4tigkeiten im\nBereich B\u00fcroorganisation t\u00e4tig.&nbsp;<br>Sie hat ihre Ausbildung in Norden als\nSteuerfachangestellt im Jahr 2010 erfolgreich abgelegt und ist ebenfalls seit\nGr\u00fcndung in 2011 fester Bestandteil der Praxis.&nbsp;<br>Von Terminplanung, \u00fcber die Abrechnung mit den\nKrankenkassen, bis hin zur Buchhaltung, organisiert und plant sie s\u00e4mtliche\nanfallende organisatorische Dinge im Rahmen des Praxisalltages, auch am Telefon\nsteht sie meist unseren Patienten als erste Ansprechpartnerin zu Verf\u00fcgung. \n        <\/p>\n      <\/div>\n    <\/section>\n    <section class=\"u-clearfix u-gradient u-section-4\" id=\"sec-0cd7\">\n      <div class=\"u-clearfix u-sheet u-sheet-1\">\n        <h2 class=\"u-align-center-xs u-text u-text-default u-text-1\">Neben dem Praxisalltag<\/h2>\n        <img decoding=\"async\" class=\"u-image u-image-default u-image-1\" src=\"https:\/\/www.physiotherapie-am-deich.de\/wp-content\/uploads\/2021\/12\/29103644_1655414384548657_2478555154698207232_n.jpg\" alt=\"\" data-image-width=\"1296\" data-image-height=\"1728\">\n        <img decoding=\"async\" class=\"u-image u-image-default u-image-2\" src=\"https:\/\/www.physiotherapie-am-deich.de\/wp-content\/uploads\/2021\/12\/123928542_3470804606342950_4508979174611695781_n.jpg\" alt=\"\" data-image-width=\"1504\" data-image-height=\"2016\">\n        <p class=\"u-align-center-sm u-align-center-xs u-text u-text-default-lg u-text-default-xl u-text-2\">Auch neben dem Praxisalltag engagieren wir uns u. a. f\u00fcr&nbsp;<br>Sportvereine und Kinderg\u00e4rten mit Sponsoring, aber auch<br>zu Martini sorgen wir f\u00fcr die Kindergartenkinder f\u00fcr das&nbsp;<br>leibliche Wohl.<br>\n          <br>Aber auch f\u00fcr unsere Patienten ist gesorgt, so gibt es<br>an kalten Tagen auch gerne mal eine Tasse<br>Ostfriesentee (sobald es die pandemische Lage wieder&nbsp;<br>zul\u00e4sst) und ein offenes Ohr.\n        <\/p>\n        <h2 class=\"u-text u-text-default u-text-3\">Unsere Praxis<\/h2>\n        <p class=\"u-align-center-sm u-align-center-xs u-text u-text-4\">In unserer Praxis stehen uns 3 Behandlungsr\u00e4ume zur Verf\u00fcgung.<br>\n          <br>Durch helle, freundliche Farbgebung l\u00e4dt jeder dieser R\u00e4ume zum Wohlf\u00fchlen ein.<br>\n          <br>\n          <br>\n        <\/p>\n        <p class=\"u-align-center-sm u-align-center-xs u-text u-text-5\">Auch ist die Gro\u00dfz\u00fcgigkeit unserer Behandlungsr\u00e4ume zu<br>erw\u00e4hnen. Sodas genug Platz ist um die erforderlichen<br>Behandlungen durchzuf\u00fchren.<br>\n          <br>\n          <br>Da f\u00fcr jeden angeschlossenen Raum jeweils nur ein Patient&nbsp;<br>vorgesehen ist und somit keine Trennw\u00e4nde in unserer<br>Praxis existieren, gew\u00e4hren wir ein hohes Ma\u00df an<br>Privatsph\u00e4re.\n        <\/p>\n        <img decoding=\"async\" class=\"u-image u-image-default u-image-3\" src=\"https:\/\/www.physiotherapie-am-deich.de\/wp-content\/uploads\/2021\/12\/319210_156913987732045_2097446893_n.jpg\" alt=\"\" data-image-width=\"260\" data-image-height=\"389\">\n        <img decoding=\"async\" class=\"u-image u-image-default u-image-4\" src=\"https:\/\/www.physiotherapie-am-deich.de\/wp-content\/uploads\/2021\/12\/319278_173294962760614_1068660469_n.jpg\" alt=\"\" data-image-width=\"960\" data-image-height=\"640\">\n      <\/div>\n    <\/section>\n    \n    \n  \n","protected":false},"excerpt":{"rendered":"<p>Das sind wir Nach unserer Ausbildung zog es uns in den sch\u00f6nen Ortsteil Bingum um uns hier den Traum von der eigenen Praxis zu verwirklichen.&nbsp; Seit \u00fcber 10 Jahren sind wir nun an diesem Standort t\u00e4tig und haben hier nicht nur einen Ort zum Arbeiten, sondern auch einen Ort zum Leben und Wohlf\u00fchlen gefunden.&nbsp; St\u00e4tig &hellip; <a href=\"https:\/\/www.physiotherapie-am-deich.de\/?page_id=84\" class=\"more-link\">Continue reading<span class=\"screen-reader-text\"> &#8222;\u00dcber uns&#8220;<\/span><\/a><\/p>\n","protected":false},"author":1,"featured_media":0,"parent":0,"menu_order":0,"comment_status":"closed","ping_status":"closed","template":"","meta":{"footnotes":""},"class_list":["post-84","page","type-page","status-publish","hentry"],"_links":{"self":[{"href":"https:\/\/www.physiotherapie-am-deich.de\/index.php?rest_route=\/wp\/v2\/pages\/84","targetHints":{"allow":["GET"]}}],"collection":[{"href":"https:\/\/www.physiotherapie-am-deich.de\/index.php?rest_route=\/wp\/v2\/pages"}],"about":[{"href":"https:\/\/www.physiotherapie-am-deich.de\/index.php?rest_route=\/wp\/v2\/types\/page"}],"author":[{"embeddable":true,"href":"https:\/\/www.physiotherapie-am-deich.de\/index.php?rest_route=\/wp\/v2\/users\/1"}],"replies":[{"embeddable":true,"href":"https:\/\/www.physiotherapie-am-deich.de\/index.php?rest_route=%2Fwp%2Fv2%2Fcomments&post=84"}],"version-history":[{"count":3,"href":"https:\/\/www.physiotherapie-am-deich.de\/index.php?rest_route=\/wp\/v2\/pages\/84\/revisions"}],"predecessor-version":[{"id":231,"href":"https:\/\/www.physiotherapie-am-deich.de\/index.php?rest_route=\/wp\/v2\/pages\/84\/revisions\/231"}],"wp:attachment":[{"href":"https:\/\/www.physiotherapie-am-deich.de\/index.php?rest_route=%2Fwp%2Fv2%2Fmedia&parent=84"}],"curies":[{"name":"wp","href":"https:\/\/api.w.org\/{rel}","templated":true}]}}