{"id":82,"date":"2021-12-13T18:36:26","date_gmt":"2021-12-13T17:36:26","guid":{"rendered":"http:\/\/mining\/?page_id=82"},"modified":"2021-12-14T11:17:39","modified_gmt":"2021-12-14T10:17:39","slug":"leistungen","status":"publish","type":"page","link":"https:\/\/www.physiotherapie-am-deich.de\/?page_id=82","title":{"rendered":"Leistungen"},"content":{"rendered":"\n    \n    <section class=\"u-clearfix u-gradient u-section-2\" id=\"sec-e6d4\">\n      <div class=\"u-clearfix u-sheet u-sheet-1\">\n        <h2 class=\"u-text u-text-default u-text-1\">Unsere Leistungen<\/h2>\n        <p class=\"u-text u-text-2\">Krankengymnastik<br>Klassische Massage<br>Manuelle Lymphdrainage<br>Propriozeptive neuromuskul\u00e4re Faszilitation (PNF)<br>W\u00e4rmetherapie (Infrarotlicht oder W\u00e4rmepackung mit Naturmoor)<br>K\u00e4ltetherapie<br>Elektrotherapie<br>Ultraschallw\u00e4rmetherapie<br>Schlingentischtherapie<br>Atemtherapie<br>Beckenbodengymnastik<br>Bindegewebsmassage<br>Medical Taiping<br>Prothesengehschule<br>Ayurveda-Massagen&nbsp;<br>\n          <br>\n        <\/p>\n        <div class=\"u-border-10 u-border-custom-color-1 u-image u-image-circle u-opacity u-opacity-70 u-image-1\" alt=\"\" data-image-width=\"1440\" data-image-height=\"1080\" style=\"background-image: url(&quot;https:\/\/www.physiotherapie-am-deich.de\/wp-content\/uploads\/2021\/12\/130147458_3547216735368403_4005231843375361943_n.jpg&quot;);\"><\/div>\n        <h2 class=\"u-align-center u-text u-text-3\">Wir&nbsp;<br>stellen auch Gutscheine aus!\n        <\/h2>\n        <p class=\"u-text u-text-4\">Sollten Sie nicht die M\u00f6glichkeit haben, unsere Praxis aufzusuchen, kann der Arzt <span style=\"font-weight: 700;\">Hausbesuche<\/span> verordnen, dann fahren unsere Therapeuten zu Ihnen nach Hause oder in das Pflegeheim.<br>\n          <br>Durch die Zusatzqualifikation des <span style=\"font-weight: 700;\">Heilpraktiker f\u00fcr Physiotherapie<\/span> k\u00f6nnen wir alle unsere Leistungen auch f\u00fcr Privatzahler anbieten. Hierbei ist der von Vorteil, dass es keine vorgeschriebenen Therapieformen, Behandlungszeiten und Anzahl der zu leistenden Behandlungen gibt, auch ggf. anfallende Wartezeiten beim Arzt entfallen.\n        <\/p>\n      <\/div>\n    <\/section>\n    <section class=\"u-clearfix u-gradient u-section-3\" id=\"sec-7ae8\">\n      <div class=\"u-clearfix u-sheet u-sheet-1\"><\/div>\n    <\/section>\n    \n    \n  \n","protected":false},"excerpt":{"rendered":"<p>Unsere Leistungen KrankengymnastikKlassische MassageManuelle LymphdrainagePropriozeptive neuromuskul\u00e4re Faszilitation (PNF)W\u00e4rmetherapie (Infrarotlicht oder W\u00e4rmepackung mit Naturmoor)K\u00e4ltetherapieElektrotherapieUltraschallw\u00e4rmetherapieSchlingentischtherapieAtemtherapieBeckenbodengymnastikBindegewebsmassageMedical TaipingProthesengehschuleAyurveda-Massagen&nbsp; Wir&nbsp;stellen auch Gutscheine aus! Sollten Sie nicht die M\u00f6glichkeit haben, unsere Praxis aufzusuchen, kann der Arzt Hausbesuche verordnen, dann fahren unsere Therapeuten zu Ihnen nach Hause oder in das Pflegeheim. Durch die Zusatzqualifikation des Heilpraktiker f\u00fcr Physiotherapie k\u00f6nnen wir alle unsere &hellip; <a href=\"https:\/\/www.physiotherapie-am-deich.de\/?page_id=82\" class=\"more-link\">Continue reading<span class=\"screen-reader-text\"> &#8222;Leistungen&#8220;<\/span><\/a><\/p>\n","protected":false},"author":1,"featured_media":0,"parent":0,"menu_order":0,"comment_status":"closed","ping_status":"closed","template":"","meta":{"footnotes":""},"class_list":["post-82","page","type-page","status-publish","hentry"],"_links":{"self":[{"href":"https:\/\/www.physiotherapie-am-deich.de\/index.php?rest_route=\/wp\/v2\/pages\/82","targetHints":{"allow":["GET"]}}],"collection":[{"href":"https:\/\/www.physiotherapie-am-deich.de\/index.php?rest_route=\/wp\/v2\/pages"}],"about":[{"href":"https:\/\/www.physiotherapie-am-deich.de\/index.php?rest_route=\/wp\/v2\/types\/page"}],"author":[{"embeddable":true,"href":"https:\/\/www.physiotherapie-am-deich.de\/index.php?rest_route=\/wp\/v2\/users\/1"}],"replies":[{"embeddable":true,"href":"https:\/\/www.physiotherapie-am-deich.de\/index.php?rest_route=%2Fwp%2Fv2%2Fcomments&post=82"}],"version-history":[{"count":3,"href":"https:\/\/www.physiotherapie-am-deich.de\/index.php?rest_route=\/wp\/v2\/pages\/82\/revisions"}],"predecessor-version":[{"id":252,"href":"https:\/\/www.physiotherapie-am-deich.de\/index.php?rest_route=\/wp\/v2\/pages\/82\/revisions\/252"}],"wp:attachment":[{"href":"https:\/\/www.physiotherapie-am-deich.de\/index.php?rest_route=%2Fwp%2Fv2%2Fmedia&parent=82"}],"curies":[{"name":"wp","href":"https:\/\/api.w.org\/{rel}","templated":true}]}}